inder when 62 is divided by w?
20
Let g(c) = 3*c**2 - c + 1. Let o(v) be the first derivative of -v**3/3 - 4*v**2 + v - 3. Let y be o(-8). What is the remainder when 4 is divided by g(y)?
1
Let c = -260 - -405. Suppose -12*i + 7*i + c = 0. What is the remainder when i is divided by (-5)/(-1)*(-8)/(-5)?
5
Let y = 26 - 66. Let s(a) = a**3 - 4*a**2 - 5*a + 3. Let i be s(5). What is the remainder when 38 is divided by (-1)/i + y/(-3)?
12
Let d(s) = -s**3 + 8*s**2 - 3*s - 6. Suppose w - 11 - 5 = 0. Let p = -9 + w. Calculate the remainder when d(p) is divided by 12.
10
Let r(h) = 2*h - 3*h - 8 - h + 3*h. What is the remainder when r(15) is divided by 3?
1
Suppose 13 = -2*q - 1. Let w = q - -6. What is the remainder when 38 is divided by 10/(-4)*(w + -7)?
18
Suppose 3*m - u - 75 = 0, 2*m + 5*u - 125 = -3*m. What is the remainder when m is divided by 4?
1
Let w(v) = v + 1. Let x be w(-1). Suppose -i - k + 27 = x, i - 3 = 2*i - 5*k. What is the remainder when i is divided by 12/8*(-4)/(-9)*12?
6
Suppose -5*v - 2*t + 52 - 9 = 0, 5*t - 20 = 0. Let a(q) = -q + 20. Let p be 0*(-3)/(-1 + 4). Calculate the remainder when a(p) is divided by v.
6
Let n be 10/3*(1 - -8). Suppose -n = 3*d - 135. Suppose 2*c = -4*m + 24, 3*c - m = m + 60. What is the remainder when d is divided by c?
17
Let x(r) = -r**3 + 12*r**2 - r + 15. Let g(n) = n + 13. Calculate the remainder when g(-8) is divided by x(12).
2
Let f be 6/10 + 2/5. Suppose -3*n - f = -2*b + 8, -n = 3*b - 30. Suppose -3*w - 79 = -5*x, -x + 21 = -0*x + 2*w. What is the remainder when x is divided by b?
8
Let r(i) be the second derivative of 23*i**4/12 + i**3/3 + i**2/2 - 7*i. What is the remainder when 87 is divided by r(-1)?
21
Let l = 23 + -6. Let w(h) = -4*h**3 + h**2. Let n be w(-1). Suppose -180 = -5*x - 5*r, -156 = -n*x + r - 0*r. What is the remainder when x is divided by l?
15
Let m(f) = -f**3 - 6*f**2 + 5*f - 2. What is the remainder when 31 is divided by m(-7)?
7
Let v be (-27 - -5)*(-2)/4. Suppose 0 = -6*g + 7*g - v. Calculate the remainder when 19 is divided by g.
8
Suppose m + 16 = 5*m. What is the remainder when (-28)/(-5) + 6/15 is divided by m?
2
Suppose 2*p = -3*p + 30. Let i = 235 + -225. Calculate the remainder when i is divided by p.
4
What is the remainder when (-89)/(-1) - (-2 - (0 - 0)) is divided by 23?
22
Suppose -10*c = -140 - 240. Calculate the remainder when 187 is divided by c.
35
Suppose -8*w = -3*w - 30. Calculate the remainder when 10 is divided by w.
4
Let h be -8*4*5/(-2). Suppose -2*z - z + 45 = 2*k, 5*k = -5*z + h. Calculate the remainder when 19/((1 - 2)/(-2)) is divided by z.
12
What is the remainder when 1/(-4) + 99/12 is divided by 5?
3
Let v = 147 - 67. What is the remainder when v is divided by 21?
17
Let c(s) = -s**3 + 10*s**2 + 10*s + 24. Calculate the remainder when c(10) is divided by 18.
16
Let o = 1 + 6. Suppose z = 3*z + 18. What is the remainder when (-9)/6*78/z is divided by o?
6
Let n(i) = -i**3 - 6*i**2 + 12*i + 7. Calculate the remainder when n(-8) is divided by 20.
19
Let w(v) = -v**2 + 13*v - 15. Let n(q) = -q**3 + 4*q**2 + 13*q + 5. Let i be n(6). Calculate the remainder when w(i) is divided by 2.
1
Let u(o) = 3*o - 1. Let v be u(3). Let n(g) = 10*g + 15. Let z be n(-2). Let f = z + v. What is the remainder when 5 is divided by f?
2
Suppose 3*x + 15 = -0*r + 4*r, 5*r = 4*x + 19. Calculate the remainder when 4 is divided by r.
1
Let d(b) = 56*b**3 + 2*b**2 - b. What is the remainder when d(1) is divided by 10?
7
Let s(p) = 2*p**3 - 2*p**2 + 3*p - 1. Suppose 2 = 5*f - 8. Calculate the remainder when s(f) is divided by 5.
3
Suppose 3*w = -0*w + 69. Let d = -66 - -114. Suppose 5*j - j - d = 0. What is the remainder when w is divided by j?
11
Let j(z) = -z**3 + 9*z**2 - 8*z + 4. Let s be j(7). Suppose 5*h = -2*i + s, 5*i + 3*h = 4*i + 21. What is the remainder when i is divided by 18?
15
Let v be 1/(1*1/6). Suppose -3*i = y - v*i + 9, 0 = -4*y + 3*i. Calculate the remainder when 10 is divided by y.
1
Suppose 3*f = 2*s + 8*f - 35, 3*s - 40 = -5*f. Suppose 3*z + 0 = 9. What is the remainder when s is divided by z?
2
Let y = 4 + 11. Let d be -1 - (-212 + -2 - 2). Suppose 5*h - d = 3*l, -4*l = h + 2*h - 129. What is the remainder when h is divided by y?
13
Suppose -5*q - 7 + 27 = 0. Suppose -c + 0*c = y - 18, -q*y + c + 62 = 0. Calculate the remainder when y is divided by 6.
4
Suppose 0 = -2*a + 6. Suppose 2*v + a*v - 30 = 0. Let g = -1 + v. Calculate the remainder when g is divided by 4.
1
Suppose 12*b - 5*b = 189. What is the remainder when 104 is divided by b?
23
Let c be (-2 - -4)/(-2)*50. Let b = c + 74. What is the remainder when b is divided by 13?
11
Calculate the remainder when 9/18 + 2 + 75/2 is divided by 11.
7
Let y = 16 - 6. Let q = y - 3. Let p = -32 + 52. What is the remainder when p is divided by q?
6
Let q be (-3)/1 + -124 + 0. Let w = q + 185. Calculate the remainder when w is divided by 15.
13
Let r = 7 + -5. Suppose 7*u - r*u = -3*z + 108, -2*z + 23 = u. Calculate the remainder when 40 is divided by u.
19
Let q = -5 + 9. Suppose 15 = -q*b + 5*c, 2 + 13 = 5*c. Suppose 0 = l - b*y + y - 46, 2*l - 2*y - 84 = 0. What is the remainder when l is divided by 15?
14
Suppose 7*y - 13*y = -54. Calculate the remainder when y is divided by 8.
1
Suppose m + 22 = 2*l - 3*m, 4*m = -2*l - 18. Let j(g) = 4*g + 1. Let i be j(l). Suppose -60 = -i*d + 3*d. What is the remainder when d is divided by 16?
14
Suppose 0 = 5*y - 3*u - 84, y + 4*u + 46 = 4*y. Suppose -5*n + 2*x = -13 - 27, 2*n = 4*x. What is the remainder when y is divided by n?
8
Let p be ((-32)/(-20))/((-2)/(-195)). Let j = p - 83. Calculate the remainder when j is divided by 19.
16
Let f(t) = -t**3 - 5*t**2 - 2*t - 6. Let y be f(-5). Suppose -y*w - 36 = -4*z, 3*w - 34 = -3*z + 23. Calculate the remainder when z is divided by 5.
4
Suppose 2*k - 3*k + 5*w + 25 = 0, -4*k - w + 16 = 0. Suppose -2*b = 2*b. Suppose b = k*d - 3*d - 20. Calculate the remainder when 29 is divided by d.
9
Suppose -f = 4*d - 14, 3*f - d - 42 = -3*d. What is the remainder when 26 is divided by f?
12
Let s be (-220)/25 + 2/(-10). What is the remainder when 30 is divided by (6/5)/(s/(-120))?
14
Suppose 0*q + 4*q = t + 29, -19 = -4*q - t. Suppose -8 = 4*p - 48. Calculate the remainder when p is divided by q.
4
Suppose 37 = 3*w - 7*l + 2*l, 2*w - 28 = 5*l. Calculate the remainder when w is divided by 4.
1
Let u(h) = -7*h - 9. Let z be u(9). Let k = -28 - z. Suppose 5*p - 3*n - 75 = 0, -n + 0*n = 3*p - 45. What is the remainder when k is divided by p?
14
Suppose -4*v + 8 = -3*o - 0*v, -o - v + 9 = 0. Let w(b) = 10*b. Calculate the remainder when 219/12 + (-1)/o is divided by w(1).
8
Let x(f) = -f**3 + 12*f**2 + 4*f. Calculate the remainder when x(12) is divided by 17.
14
Let y(p) = -7 + 1 + p - 3*p. Calculate the remainder when 38 is divided by y(-13).
18
Let t(d) = d**3 + 5*d**2 + 4. What is the remainder when (0/(-3) + (-3)/(-9))*177 is divided by t(-4)?
19
Calculate the remainder when 35 is divided by (38/(-2))/(2/(-2)).
16
Suppose 5*d - 63 = 2*d. Suppose -3*v = 2*v - 160. Suppose 3*y - v = 1. Calculate the remainder when d is divided by y.
10
Let n = -73 - -274. What is the remainder when n is divided by 51?
48
Suppose 14 = -4*j + 98. Calculate the remainder when j is divided by 11.
10
Let t = -11 + 16. Let r(h) = 11*h - 3. Calculate the remainder when r(t) is divided by 18.
16
Suppose 3*n - 65 = 4*y, -n = -3*y - 36 + 6. Let j = 126 + -69. What is the remainder when j is divided by n?
12
Let t(y) = -y**2 + 2*y - 3. Let i be t(3). Let s = i - -8. What is the remainder when s is divided by 2?
0
Suppose 4*d - 22 = -a + 1, 0 = -3*a + 5*d + 1. Let s be 4 + (-6)/((-3)/(-1)). Suppose -s*p + a*p = 75. What is the remainder when 29 is divided by p?
14
Let u be (0/(-3))/(-3) + 4. Suppose x - 13 = 2*p, x + u*p = 2*x - 23. Suppose -2*q = 2*q - 4*h - 216, -9 = -x*h. What is the remainder when q is divided by 20?
17
Let p(g) = -2*g + 64. Suppose -15 = -3*v + 2*v. Calculate the remainder when p(18) is divided by v.
13
Suppose 23 = 3*l - 4. Let v(k) = k**3 + 15*k**2 - 2*k - 19. Let c be v(-15). Suppose -c*f + 25 = -6*f. What is the remainder when l is divided by f?
4
Suppose -5*j = 26 + 9. Let l = 32 - j. Calculate the remainder when l is div